 common factor of c and z.
13
Let r = -90 - -59. Let q = r + 88. Calculate the highest common factor of 38 and q.
19
Suppose d = -5*g + 1366, g - 51 = -2*d + 215. Let q = g + -106. What is the highest common factor of q and 24?
24
Let z = 55 + -20. Let j = -18 - -28. Suppose -4*s + 2*s + j = 0. What is the greatest common factor of z and s?
5
Let y be -12*40/(-90)*(-4 + 10). Calculate the highest common factor of y and 56.
8
Let d(s) = s**2 + 31*s - 81. Let t be d(12). What is the greatest common factor of t and 174?
87
Let d be -43 + (-3 - -6) + -4. Let j be 1/(-3) - d/(-3). Let r = j + 17. What is the highest common divisor of r and 4?
2
Let u(l) = l**3 - 3*l**2 - 5*l + 4. Let v be u(4). Suppose 2*c + v*c = 42. Suppose 0*p + p - 168 = 0. What is the greatest common divisor of p and c?
21
Let a(k) = -4*k**3 + 3*k**2 + 2*k + 4. Let h be a(-2). What is the greatest common divisor of h and 726?
22
Let m = -38 - -42. Suppose -k + 3 = -0, -4*q - m*k + 104 = 0. Suppose -q = 5*i - 283. What is the greatest common divisor of 130 and i?
26
Let m be -84*(9/(-6) + 1). Let r(v) = 2*v + 3*v - 6*v - 2. Let i be r(-9). What is the greatest common factor of m and i?
7
Suppose -4*l + 2*i + i - 553 = 0, 5*l - 3*i + 692 = 0. Let s = 197 + l. What is the highest common factor of 116 and s?
58
Let c(u) = u + 38. Let p be c(22). Calculate the highest common divisor of p and 1020.
60
Suppose -4*o = -4*x - 52, 10 = -4*x - 2*o - 30. Let p = 23 + x. Calculate the greatest common factor of p and 18.
6
Suppose -3*r + c - 3 + 0 = 0, -r + 6 = 2*c. Suppose r*q - 2*q + 8 = 0. Suppose -96 - 32 = -q*m. What is the highest common factor of m and 48?
16
Suppose -863 = -10*i + 117. Calculate the highest common factor of 70 and i.
14
Let u = 1604 + -1505. What is the greatest common divisor of u and 55?
11
Let p be (5 + -1 - 8) + 3. Let f = 3 - p. Suppose -170 = -2*m + a - 3*a, -f*a = -m + 80. Calculate the greatest common factor of 28 and m.
28
Let v be (-152)/(-3) + 52/(-78). Calculate the highest common divisor of 450 and v.
50
Suppose -5*p + 25 = 0, z + 4*p = -2*z + 71. Let t be 68*4/(-18)*171/(-152). Calculate the greatest common divisor of z and t.
17
Let i(v) = v + 1. Let r be i(-1). Suppose 140 = 4*q - r*q. Suppose -3*p = -0*c + 4*c - 35, -5*c = 2*p - q. What is the highest common divisor of 35 and p?
5
Let a = -8 + 21. Let t = -622 - -635. Calculate the greatest common divisor of t and a.
13
Let r be 40*((-2)/(-7) - (-55)/77). Let a be r + -2*1/2. Calculate the highest common divisor of 13 and a.
13
Let y be (197 - 10) + 28/(-4). Let i be (0 + 2 - -20) + -2. Calculate the greatest common divisor of y and i.
20
Let o(w) = 2*w**3 + 33*w**2 - 15*w + 76. Let u be o(-17). What is the greatest common divisor of 35 and u?
7
Let l(d) = -12*d + 1. Let x(a) = -a - 1. Let j(p) = 3*l(p) + 6*x(p). Let g be j(-4). Suppose r - 45 + 30 = 0. Calculate the highest common factor of r and g.
15
Let y(h) = 5*h**3 + 3*h**2 + 3. Let m be y(3). Let r be ((-4)/(-10))/(3/m). Let k be 6/21 - 5536/(-28). Calculate the greatest common factor of k and r.
22
Let m(j) = 801*j + 3. Let d(k) = -400*k - 2. Let v(q) = -9*d(q) - 5*m(q). Let a be v(-1). What is the greatest common divisor of 51 and a?
51
Let f(r) = -r - 11. Let y be f(-5). Let d be 2*(345/y)/(-5). What is the greatest common divisor of 23 and d?
23
Suppose -2*l + 4*g - 12 = 0, -5 = 4*l - 4*g + 3. Suppose 3*p - 86 = -4*h, 5*h - l*p = 2*h + 73. Calculate the highest common divisor of h and 46.
23
Let i be 17/3 + 10/(-6). Suppose -6*d + 12 = -i*d. Calculate the greatest common factor of d and 42.
6
Let n(v) = 4*v**2 + 1. Let z be n(-1). Let h be 2/z - 4/10. Suppose -2*q + 21 + 1 = h. What is the highest common factor of 99 and q?
11
Let r(b) = 2*b + 23. Let s be r(-9). Suppose s*p - 85 = 110. Let l = -26 - -39. Calculate the highest common factor of p and l.
13
Suppose -167 = -k + 7. Calculate the greatest common divisor of 58 and k.
58
Let a be 32/6*(-18)/(-8). Suppose -1 + 3 = d. Let s = a - d. What is the highest common divisor of s and 15?
5
Suppose 2*p - 10 = -3*p. Suppose 3*w = -3*d + 2*w + 20, p*d = -3*w + 11. What is the greatest common divisor of 77 and d?
7
Suppose 0 = -5*s - 15, 4 = 4*y - s - 3. Let z be y - -101 - (-4 + 6). Calculate the greatest common factor of 20 and z.
20
Let q(r) = -r - 1. Let p(i) = 0 - 2*i**2 + 2*i + 2*i + 0 - 3. Let c be p(2). Let x be q(c). Calculate the highest common factor of x and 10.
2
Let g = 39 + -37. Suppose 7 = -2*k - 3*o + 17, g*o = 3*k - 41. What is the highest common divisor of k and 11?
11
Suppose -128 = -3*a - 5*i, 2*a - 5*i - 5 = 47. Calculate the greatest common factor of 16 and a.
4
Suppose 7*f + f - 144 = 0. Let m be f/63 - (-26)/7. What is the greatest common factor of m and 2?
2
Suppose t = -5*c - 21, t + 3*t - 41 = 5*c. Let p be 219 + (t + -2 - 1). Let r = p - 130. Calculate the greatest common factor of r and 10.
10
Let n(a) = -a + 18. Let b(s) = s**2 - 6*s - 3. Let y be b(3). Let l be n(y). Let h be ((-2)/3)/(1/(-30)). Calculate the greatest common factor of h and l.
10
Suppose 0*d + 27*d - 675 = 0. Suppose t + 459 = 3*n - 367, -4*n - t = -1099. Calculate the greatest common factor of d and n.
25
Suppose 4*q = 5*r + 81, -31 + 6 = 5*r. Let d(u) = -u + 38. Let y be d(q). Calculate the greatest common factor of y and 216.
24
Let c be (24 + -18)*4/3. Suppose 7*w = c*w - 16. Let l(d) = -30*d - 4. Let o be l(-6). What is the highest common divisor of w and o?
16
Let j = 76 - 183. Let p = 43 - j. What is the highest common divisor of p and 60?
30
Let j = 393 + -371. Calculate the highest common factor of 176 and j.
22
Let z = 430 + -400. Calculate the highest common divisor of 27 and z.
3
Let i = -18 + 16. Let m be 0 + 15 + 5 + i. Let d = 22 + m. What is the highest common divisor of d and 16?
8
Let j(f) = f**3 - 22*f**2 - 14*f - 2. Let h be j(23). What is the highest common divisor of h and 10?
5
Let h(m) = 5*m**2 - 121*m + 146. Let o be h(23). Let j(g) = g**3 + 4*g**2 - 3*g + 2. Let d be j(-3). Calculate the highest common divisor of d and o.
4
Suppose -2*u + 3*g = -5*u + 117, -4*u + 3*g + 121 = 0. Calculate the highest common divisor of 136 and u.
34
Let u be 3650/(-70) + 8/7 + -1. Let r be -4 + u/(-12) - (-1408)/6. Calculate the highest common factor of 47 and r.
47
Let f be 27 + (-3 - 1)/4. What is the highest common factor of 286 and f?
26
Let z = 148 + -134. Suppose 5*q = u - 28, 8*u - 4*u = -q + 112. Suppose 70 = 5*a + 4*n, -2*a - n + u = n. What is the greatest common factor of a and z?
14
Suppose g = -0*g. Suppose g = -2*x + 3*x - 10. Let q = 20 - 10. What is the greatest common divisor of q and x?
10
Suppose 0 = 5*h - 3*b + 13, -4*h + 0*h = -b + 9. Let w be (28/21)/(h/(-9)). What is the highest common factor of w and 8?
2
Let k be 160/15 + (-2)/(-6). Suppose 0*l = 22*l + 5*l - 594. Calculate the highest common factor of l and k.
11
Let z be (0/3 - -9)*(-2 + 8). What is the highest common divisor of z and 90?
18
Let i be 1/2*(53 - 3). Suppose -3*c + 2 = -i. Let j = 3 + c. What is the greatest common divisor of 30 and j?
6
Suppose 0 = -5*p + 4*y + 105, -17 + 2 = -3*y. Let i = 41 - p. Suppose i = -4*h + 80. Calculate the greatest common divisor of h and 2.
2
Suppose 1993*n - 864 = 1985*n. What is the greatest common divisor of n and 24?
12
Suppose 0*q - 3*q + 388 = 5*p, -252 = -3*p + 3*q. Suppose 2*o + p = 3*o. Suppose -3*u + o = u. Calculate the greatest common divisor of u and 30.
10
Let r(y) = y**2 + 5*y + 10. Let q be r(-7). Let j(g) = -g**3 + 14*g**2 - 15*g - 30. Let t be j(9). Calculate the greatest common factor of t and q.
24
Suppose -2*c = -2*x - 1508, -755 = -0*c - c + 2*x. What is the greatest common factor of 3 and c?
3
Suppose -5*s + 137 = 47. Suppose -l + s = -27. Let h be 2/9 - (-350)/l. Calculate the greatest common factor of 48 and h.
8
Suppose 79*j - 58*j = 40992. What is the highest common divisor of j and 61?
61
Let l(n) = n**2 - 10*n + 18. Let d be l(10). Suppose 3*c + 0 = d. Calculate the greatest common divisor of 10 and c.
2
Suppose 47*w = 44*w + 1200. Calculate the highest common factor of 48 and w.
16
Let f(a) = -51*a + 613. Let m be f(-37). What is the highest common factor of 20 and m?
20
Let r(s) = s**3 - 4*s**2 + 3*s - 9. Let z be r(5). Let c be 2/(